8. Suppose -9*u = -5*u - i. Calculate the remainder when s(-8) is divided by u.
5
Let x be (6/(-12) - -3)*-2. Let t(s) be the second derivative of s**4/12 + 5*s**3/3 + 33*s**2/2 + 5*s. Calculate the remainder when 27 is divided by t(x).
3
Suppose -76*a - 5*t - 795 = -77*a, -4*t = 5*a - 4120. Calculate the remainder when a is divided by 62.
14
Suppose -10*i + w = -7*i - 785, -4*i = w - 1049. What is the remainder when i is divided by 16?
6
Calculate the remainder when ((-645)/(-387))/(15/2862) is divided by 146.
26
Suppose -74*x + 196 = -67*x. Let k = -291 - -304. What is the remainder when x is divided by k?
2
Suppose -5*k - 116850 = -19*k - k. What is the remainder when k is divided by 21?
20
Let g(i) = -10*i**2 + 282*i - 166. Calculate the remainder when g(21) is divided by 13.
7
Let i be 15/3 - (2955/(-5) - 7). Calculate the remainder when (9 - i/(-27))*6/4 is divided by 25.
22
Let w(l) = 2*l + 143. Let i(r) = -r**3 + 12*r**2 + 14*r + 13. Calculate the remainder when w(-27) is divided by i(13).
11
Calculate the remainder when 6 + (0 + 10 - (-3385 + 183)) is divided by 7.
5
Let p = 25827 - 25685. What is the remainder when 536 is divided by p?
110
What is the remainder when 224 is divided by 2/8*-138*14/(-21)?
17
Let p = -852 - -1705. Let t = 1567 - p. Calculate the remainder when t is divided by 55.
54
Let q(z) = -1477*z - 13205. Suppose 0 = -3*y + 619 + 425. Calculate the remainder when y is divided by q(-9).
84
Let k(w) = -5*w + 307. Let b be k(-37). Let d = 30 + -8. Calculate the remainder when (-2)/(-4)*(b - 14) is divided by d.
19
Let o(z) = 126*z**2 - 114*z - 112. What is the remainder when o(-1) is divided by 2 + 4 + (-2)/2?
3
Suppose -21*a + 0 + 56 + 4606 = 0. What is the remainder when a is divided by 117?
105
Suppose 2*w = 13 + 115. Suppose -d - d = -w. Suppose -58*h + 4 = -60*h, -2*h = i - 5. What is the remainder when d is divided by i?
5
Let h(s) = 12*s + 13. Suppose -13*a = -8*a - 35. Calculate the remainder when h(a) is divided by 20.
17
Suppose -y = -119 - 18. Calculate the remainder when y is divided by 115.
22
Let v(n) = -23*n**2 - 25*n + 7. Let p(y) = 8*y**2 + 9*y - 2. Let k(d) = -8*p(d) - 3*v(d). What is the remainder when 308 is divided by k(-5)?
98
What is the remainder when 28 is divided by ((-130)/(-13) - 11)/(-2*(-2)/(-16))?
0
Let x be (14/(-21))/((-6)/(-63)). Let m = 32 + x. Calculate the remainder when 73 is divided by m.
23
Let i be -1 + (-4 - -3) + 7. Suppose 30 = i*h - 130. What is the remainder when h is divided by (-4 + -14)*(-3 + 2)?
14
Suppose g = 5*g + 3*b - 13, g = -4*b. Suppose -2*n - 10 = 0, -59 = -14*y + 10*y - 5*n. Calculate the remainder when y is divided by (52/16)/(1/g).
8
Suppose 2 = 2*d - 3*d, 2*a - 2*d - 608 = 0. Let t = -282 + a. Let o = 8 - 0. What is the remainder when t is divided by o?
4
Let o = -2201 + 2462. Calculate the remainder when o is divided by 34.
23
Suppose -18*m = -21*m - 2*h + 4417, -4*h - 5876 = -4*m. Calculate the remainder when m is divided by 482.
25
Let f be ((-4)/(-6))/(8/36). Suppose -z + 3*b = -2*z + 23, -f*z + 62 = 2*b. Calculate the remainder when 38 is divided by z.
18
Let z = -9 + 12. Suppose -z*g + 34 = -3*h - h, -4*g - 4*h + 64 = 0. Suppose 6*j + g - 236 = 0. What is the remainder when j is divided by 11?
4
Suppose 23*k - 10771 = 614. What is the remainder when k is divided by 165?
0
Let h(s) = 7*s - 2. Suppose 5*r = 3*x - 16 + 3, 5*r - x + 11 = 0. Let d be h(r). Calculate the remainder when 0 - (20/(-5) + d) is divided by 6.
2
Let t(u) = 13*u**2 - 3*u - 1. Suppose -22 = 21*l + 20. What is the remainder when 218 is divided by t(l)?
47
Suppose 2*h - 66 = -62. Suppose b = -o + h*b + 20, -o + 16 = -5*b. What is the remainder when 397 is divided by o?
19
Suppose 100 = -2*n - y, 2*y = -5*n - 2*y - 244. Let s = n - 52. Let k = s - -131. What is the remainder when 51 is divided by k?
24
Suppose 2*m - 10 = -20, 0 = v - m - 255. What is the remainder when v is divided by 14?
12
Suppose 7*w + 420 = 28*w. Calculate the remainder when 104 is divided by 768/w - (12/5)/6.
28
Let p(f) = -16*f**3 - 4*f**2 + 10*f + 9. Calculate the remainder when p(-5) is divided by 55.
44
Suppose -2*s - 20 + 144 = l, -3*l - 4*s + 356 = 0. Let h(w) = w**2 - 4*w + 2. Let x be h(6). Calculate the remainder when l is divided by -8*x/(-4) - 0.
24
Suppose 5*r = -0*r. Let g(h) = -2*h**3 - h**2 + 63. What is the remainder when g(r) is divided by 0 + 5/35 + 165/21?
7
Let y(j) = -j**3 + 4*j**2 - 2*j + 2. Let o = -45 + 48. Let i be y(o). Let m(w) = -w**3 + 5*w**2 + 5*w + 7. What is the remainder when m(i) is divided by 7?
4
Suppose 6477 = 5*j + v, -5 = -v - 8. Suppose j = -6*p + 1356. Calculate the remainder when 114 is divided by p.
4
Let q be (-27)/6*((-14)/3 - -4). Suppose -q*f + 234 - 89 = 4*y, -f = 5. Calculate the remainder when y is divided by 8.
0
Let v be (-2)/(-5) - 18/45. Suppose v = j - 6*j + 130. Suppose -3*x + 128 = j. Calculate the remainder when x is divided by 6.
4
Let w be (8/(-10))/(2332/780 - 3). Suppose 4*u = 2*r - 92, 4*r + 4*u = w + 46. What is the remainder when r is divided by 19?
17
Let r(h) = -10*h - 90. Let z be r(-11). Calculate the remainder when 195 is divided by (-47 - -48) + (z - -1).
19
Suppose -4*a = 4*d - 8*a, -2*d - 5*a = 0. What is the remainder when 55 is divided by ((0 - d) + 1)*(-119 + 150)?
24
Let a = -13 + 13. Suppose a = -2*y + 31 - 23. Suppose -t = -w - 12, 3*t - w - 34 = y*w. Calculate the remainder when 115 is divided by t.
11
Suppose 32*s - 492 - 372 = 0. Suppose -2*a + 60 = -25*f + s*f, 2*f + 27 = a. What is the remainder when 195/4 - (-3)/12 is divided by a?
20
Let w = 12258 + -12212. What is the remainder when 998 is divided by w?
32
Suppose 0 = 6*c - 90 - 42. Suppose -55 = -c*f + 17*f. What is the remainder when 32 is divided by f?
10
Let x(o) = -2*o**3 - 32*o**2 + 18*o + 25. Let a be x(-16). Let s = -233 - a. Let k = -290 - -408. Calculate the remainder when k is divided by s.
28
Suppose 41698 = 9*o + 36982. What is the remainder when o is divided by 102?
14
Let w = 301 + -1805. What is the remainder when 4/(-6) + w/(-24) is divided by 13?
10
Let o be -1 - (-3)/(5 - 2)*161. What is the remainder when 26 is divided by (-2)/5 - (-1184)/o?
5
Let h(l) = 34*l - 319. Let x be h(10). Suppose 2*p - 75 = u, 24*p - 107 = x*p - 4*u. What is the remainder when 69 is divided by p?
32
Let j(m) = 2090*m - 10. Let d be j(5). Suppose 22*a - d = -8*a. What is the remainder when a is divided by 35?
33
Suppose -u - 11 - 29 = -3*z, -12 = 3*u. Suppose 4*x - z - 4 = 0. Calculate the remainder when 9 is divided by (76/57)/(x/18).
3
Suppose 4*s = -4*k + 26756, 5*k = -11*s + 8*s + 33457. What is the remainder when k is divided by 37?
35
Let r be 4 + 12/8 + 1/2. Calculate the remainder when 151 is divided by r + 70/((-2)/(-2)).
75
Let w(a) = 2*a**2 - 77*a - 1043. Calculate the remainder when w(-43) is divided by 17.
16
Suppose 4*v + 3776 = 3*v + 3824. Calculate the remainder when 1773 is divided by v.
45
Let f(d) be the first derivative of -d**3/3 + 13*d**2/2 + 4*d + 164. Calculate the remainder when f(10) is divided by 18.
16
Suppose 3*h = 48*y - 50*y + 282, 4*y = -3*h + 276. What is the remainder when h is divided by 17?
11
Suppose i - 4 + 0 = 5*a, 8 = 2*i + a. Calculate the remainder when i*(-2)/28 + (-282)/(-7) is divided by (28/35)/((12/70)/3).
12
Suppose 2*j = 2*x + 18, 4*x + 167 = 2*j + 139. Let v be -2*(2/(-4) - 2). Calculate the remainder when (-6 - v)/(-1 + 0) is divided by j.
3
Let c be (-1 + -1)*(20/8)/(-5). Suppose -6*b = c + 179. Let t = 96 + b. What is the remainder when t is divided by 17?
15
Let u = -4136 + 4434. What is the remainder when u is divided by 34?
26
Let b be (-3)/(4/80*1). Let y = -35 - b. What is the remainder when 114 is divided by y?
14
Let q(u) = 5*u**2 - 20*u - 15. What is the remainder when 248 is divided by q(5)?
8
Let u = -1489 - -1554. Calculate the remainder when (17 - 28) + (u - 0) is divided by (6/(-4))/(6/(-112)).
26
Suppose 20*a - 35 = 93 + 492. What is the remainder when 1848 is divided by a?
19
Suppose 2*c = -4*h + 726, 2*h + 10*c = 7*c + 373. Calculate the remainder when h is divided by 20.
19
Suppose g = -5*q + 245, 4*g = 5*g. What is the remainder when q is divided by ((-20)/7)/(1/(-7))?
9
Suppose 3*m = 5*n - 30, 0 = -4*m + 2*n 